{"id":81,"date":"2026-01-10T12:33:58","date_gmt":"2026-01-10T12:33:58","guid":{"rendered":"https:\/\/neu.feuerwehr-warmensteinach.de\/?page_id=81"},"modified":"2026-01-10T12:36:03","modified_gmt":"2026-01-10T12:36:03","slug":"hlf20","status":"publish","type":"page","link":"https:\/\/www.feuerwehr-warmensteinach.de\/?page_id=81","title":{"rendered":"HLF20"},"content":{"rendered":"\n<p>Das Hilfeleistungsl\u00f6schfahrzeug HLF 20\/16 ist seit dem Jahr 2014 bei der Freiwilligen Feuerwehr Warmensteinach im Einsatz und stellt das zentrale Einsatzfahrzeug f\u00fcr Brandeins\u00e4tze und technische Hilfeleistungen dar. Mit seiner vielseitigen Beladung, leistungsstarker Technik und einer Besatzung von bis zu neun Einsatzkr\u00e4ften ist es f\u00fcr ein breites Einsatzspektrum ausgelegt.<\/p>\n\n\n\n<p>Das Fahrzeug verbindet moderne L\u00f6schtechnik mit umfangreicher Ausr\u00fcstung zur technischen Hilfeleistung und bildet damit eine wichtige Grundlage f\u00fcr eine schnelle und effektive Hilfeleistung im Gemeindegebiet.<\/p>\n\n\n\n<figure class=\"wp-block-image aligncenter size-full\"><img loading=\"lazy\" decoding=\"async\" width=\"800\" height=\"600\" src=\"https:\/\/www.feuerwehr-warmensteinach.de\/wp-content\/uploads\/2026\/01\/HLF1.jpg\" alt=\"\" class=\"wp-image-83\" srcset=\"https:\/\/www.feuerwehr-warmensteinach.de\/wp-content\/uploads\/2026\/01\/HLF1.jpg 800w, https:\/\/www.feuerwehr-warmensteinach.de\/wp-content\/uploads\/2026\/01\/HLF1-300x225.jpg 300w, https:\/\/www.feuerwehr-warmensteinach.de\/wp-content\/uploads\/2026\/01\/HLF1-768x576.jpg 768w\" sizes=\"auto, (max-width: 800px) 100vw, 800px\" \/><\/figure>\n\n\n\n<figure class=\"wp-block-table\"><table class=\"has-fixed-layout\"><tbody><tr><td class=\"has-text-align-left\" data-align=\"left\">Rufname:<\/td><td class=\"has-text-align-left\" data-align=\"left\">Warmensteinach 40\/1<\/td><\/tr><tr><td class=\"has-text-align-left\" data-align=\"left\">F\u00fchrerschein:<\/td><td class=\"has-text-align-left\" data-align=\"left\">C<\/td><\/tr><tr><td class=\"has-text-align-left\" data-align=\"left\">Besatzung:<\/td><td class=\"has-text-align-left\" data-align=\"left\">1\/8<\/td><\/tr><tr><td class=\"has-text-align-left\" data-align=\"left\">Treibstoffart:<\/td><td class=\"has-text-align-left\" data-align=\"left\">Diesel<\/td><\/tr><tr><td class=\"has-text-align-left\" data-align=\"left\">Erstzulassung:<\/td><td class=\"has-text-align-left\" data-align=\"left\">25.06.14<\/td><\/tr><tr><td class=\"has-text-align-left\" data-align=\"left\">Baujahr:<\/td><td class=\"has-text-align-left\" data-align=\"left\">2014<\/td><\/tr><tr><td class=\"has-text-align-left\" data-align=\"left\">Hubraum:<\/td><td class=\"has-text-align-left\" data-align=\"left\">6871 cm\u00b3<\/td><\/tr><tr><td class=\"has-text-align-left\" data-align=\"left\">Leistung:<\/td><td class=\"has-text-align-left\" data-align=\"left\">203 kW<\/td><\/tr><tr><td class=\"has-text-align-left\" data-align=\"left\">Gesamtgewicht:<\/td><td class=\"has-text-align-left\" data-align=\"left\">15 T.<\/td><\/tr><\/tbody><\/table><\/figure>\n\n\n\n<p><\/p>\n","protected":false},"excerpt":{"rendered":"<p>Das Hilfeleistungsl\u00f6schfahrzeug HLF 20\/16 ist seit dem Jahr 2014 bei der Freiwilligen Feuerwehr Warmensteinach im Einsatz und stellt das zentrale Einsatzfahrzeug f\u00fcr Brandeins\u00e4tze und technische Hilfeleistungen dar. Mit seiner vielseitigen Beladung, leistungsstarker Technik und einer Besatzung von bis zu neun Einsatzkr\u00e4ften ist es f\u00fcr ein breites Einsatzspektrum ausgelegt. Das Fahrzeug verbindet moderne L\u00f6schtechnik mit umfangreicher [&hellip;]<\/p>\n","protected":false},"author":1,"featured_media":0,"parent":0,"menu_order":0,"comment_status":"closed","ping_status":"closed","template":"","meta":{"footnotes":""},"class_list":["post-81","page","type-page","status-publish","hentry"],"_links":{"self":[{"href":"https:\/\/www.feuerwehr-warmensteinach.de\/index.php?rest_route=\/wp\/v2\/pages\/81","targetHints":{"allow":["GET"]}}],"collection":[{"href":"https:\/\/www.feuerwehr-warmensteinach.de\/index.php?rest_route=\/wp\/v2\/pages"}],"about":[{"href":"https:\/\/www.feuerwehr-warmensteinach.de\/index.php?rest_route=\/wp\/v2\/types\/page"}],"author":[{"embeddable":true,"href":"https:\/\/www.feuerwehr-warmensteinach.de\/index.php?rest_route=\/wp\/v2\/users\/1"}],"replies":[{"embeddable":true,"href":"https:\/\/www.feuerwehr-warmensteinach.de\/index.php?rest_route=%2Fwp%2Fv2%2Fcomments&post=81"}],"version-history":[{"count":2,"href":"https:\/\/www.feuerwehr-warmensteinach.de\/index.php?rest_route=\/wp\/v2\/pages\/81\/revisions"}],"predecessor-version":[{"id":90,"href":"https:\/\/www.feuerwehr-warmensteinach.de\/index.php?rest_route=\/wp\/v2\/pages\/81\/revisions\/90"}],"wp:attachment":[{"href":"https:\/\/www.feuerwehr-warmensteinach.de\/index.php?rest_route=%2Fwp%2Fv2%2Fmedia&parent=81"}],"curies":[{"name":"wp","href":"https:\/\/api.w.org\/{rel}","templated":true}]}}

<p>Das Hilfeleistungslöschfahrzeug HLF 20/16 ist seit dem Jahr 2014 bei der Freiwilligen Feuerwehr Warmensteinach im Einsatz und stellt das zentrale Einsatzfahrzeug für Brandeinsätze und technische Hilfeleistungen dar. Mit seiner vielseitigen Beladung, leistungsstarker Technik und einer Besatzung von bis zu neun Einsatzkräften ist es für ein breites Einsatzspektrum ausgelegt.</p>



<p>Das Fahrzeug verbindet moderne Löschtechnik mit umfangreicher Ausrüstung zur technischen Hilfeleistung und bildet damit eine wichtige Grundlage für eine schnelle und effektive Hilfeleistung im Gemeindegebiet.</p>



<figure class="wp-block-image aligncenter size-full"><img loading="lazy" decoding="async" width="800" height="600" src="https://www.feuerwehr-warmensteinach.de/wp-content/uploads/2026/01/HLF1.jpg" alt="" class="wp-image-83" srcset="https://www.feuerwehr-warmensteinach.de/wp-content/uploads/2026/01/HLF1.jpg 800w, https://www.feuerwehr-warmensteinach.de/wp-content/uploads/2026/01/HLF1-300x225.jpg 300w, https://www.feuerwehr-warmensteinach.de/wp-content/uploads/2026/01/HLF1-768x576.jpg 768w" sizes="auto, (max-width: 800px) 100vw, 800px" /></figure>



<figure class="wp-block-table"><table class="has-fixed-layout"><tbody><tr><td class="has-text-align-left" data-align="left">Rufname:</td><td class="has-text-align-left" data-align="left">Warmensteinach 40/1</td></tr><tr><td class="has-text-align-left" data-align="left">Führerschein:</td><td class="has-text-align-left" data-align="left">C</td></tr><tr><td class="has-text-align-left" data-align="left">Besatzung:</td><td class="has-text-align-left" data-align="left">1/8</td></tr><tr><td class="has-text-align-left" data-align="left">Treibstoffart:</td><td class="has-text-align-left" data-align="left">Diesel</td></tr><tr><td class="has-text-align-left" data-align="left">Erstzulassung:</td><td class="has-text-align-left" data-align="left">25.06.14</td></tr><tr><td class="has-text-align-left" data-align="left">Baujahr:</td><td class="has-text-align-left" data-align="left">2014</td></tr><tr><td class="has-text-align-left" data-align="left">Hubraum:</td><td class="has-text-align-left" data-align="left">6871 cm³</td></tr><tr><td class="has-text-align-left" data-align="left">Leistung:</td><td class="has-text-align-left" data-align="left">203 kW</td></tr><tr><td class="has-text-align-left" data-align="left">Gesamtgewicht:</td><td class="has-text-align-left" data-align="left">15 T.</td></tr></tbody></table></figure>



<p></p>

<p>Das Hilfeleistungslöschfahrzeug HLF 20/16 ist seit dem Jahr 2014 bei der Freiwilligen Feuerwehr Warmensteinach im Einsatz und stellt das zentrale Einsatzfahrzeug für Brandeinsätze und technische Hilfeleistungen dar. Mit seiner vielseitigen Beladung, leistungsstarker Technik und einer Besatzung von bis zu neun Einsatzkräften ist es für ein breites Einsatzspektrum ausgelegt. Das Fahrzeug verbindet moderne Löschtechnik mit umfangreicher [&hellip;]</p>
